 (-2 + 3)/(-1) is divided by 8.
7
Let v(n) = 5*n + 3. Let f = -7 - -11. Suppose -f*d = -9*d + 415. Calculate the remainder when d is divided by v(5).
27
Let s(z) = -z**2 + 8*z - 1. Let k be s(8). Let h(y) = 63*y**2 - y. What is the remainder when h(k) is divided by 17?
13
Suppose 67*t = 26*t + 369. Calculate the remainder when 251 is divided by t.
8
Calculate the remainder when 273 is divided by (-54 - -39)/((-6)/10).
23
Let f(n) = -4*n**2 + 39*n - 37. Let a(v) = -v**2 + 13*v - 12. Let p(t) = 7*a(t) - 2*f(t). Calculate the remainder when p(-15) is divided by 6.
2
Let r(u) = u**2 - 6*u + 8. Let v = 65 - 69. Calculate the remainder when r(v) is divided by 18.
12
Let h be 1/1*-2 - (19 + -68). Let o = 74 - h. What is the remainder when o is divided by 15?
12
Let v be (-32)/10*(-19 - -14). What is the remainder when 69 is divided by (126/(-24))/((-6)/v)?
13
Let k(r) = -2*r**3 - 17*r**2 - 11*r - 3. Let n be k(-11). Let t = n - 467. Calculate the remainder when 31 is divided by ((-3)/(-2))/(48/t).
7
Let k = -11 + 22. Let j = 41 + -62. Let w = -15 - j. What is the remainder when k is divided by w?
5
Let n(z) = 8*z**2. Suppose 11*w - 8 - 36 = 0. Calculate the remainder when n(1) is divided by w.
0
Let x = 539 - 528. What is the remainder when 196 is divided by x?
9
Suppose 4*y - 14 - 22 = 0. What is the remainder when y is divided by 4?
1
Let z(c) = -3*c + 23. Suppose -110 = -3*h - 2*h. What is the remainder when z(-6) is divided by h?
19
Suppose 0 = -5*a + 2*t + 186, 217 = 4*a - t + 70. Let q = -17 + 17. Let g(r) = r**2 - r + 13. Calculate the remainder when a is divided by g(q).
10
Suppose 5*s - 6 = 5*x + 4, -6 = -x - 3*s. Let p = -17 - -31. Calculate the remainder when p is divided by ((-2)/(-8))/((-3)/(-36) + x).
2
Suppose 6*i = -3*m + 3*i + 249, -4*i = 2*m - 170. What is the remainder when m is divided by 26?
3
Suppose 5*i - 284 = 176. What is the remainder when i is divided by 31?
30
Let y = 94 + -38. Let i be (2/6)/(-1) + (-80)/(-15). Suppose i*g + 174 = 11*g. What is the remainder when y is divided by g?
27
What is the remainder when 109 is divided by 0 - ((-135)/5 + 5)?
21
Let y be (2/(-3))/(2/6). Suppose 4*w - 2 = 2*w. Calculate the remainder when (-3)/y*32/24 is divided by w.
0
Let u = 2174 + -1703. What is the remainder when u is divided by 17?
12
Suppose -4*c + 6 + 0 = 2*a, -2*c = 2*a - 4. Calculate the remainder when 32 is divided by (-2)/a*18/(-3) + -3.
5
Let z = 22 + -19. Suppose -s + 4*j + 0*j = -35, -3*s + 69 = -z*j. Calculate the remainder when s is divided by 11.
8
Suppose -1 = d - 2*f - 4, -5*f = 5*d. Calculate the remainder when 3*(4 - (-3)/d) is divided by 8.
5
What is the remainder when 1152/3 - (-63)/9 is divided by 56?
55
Let v(k) be the first derivative of -3*k + 10/3*k**3 + 3/2*k**2 + 1. What is the remainder when 49 is divided by v(1)?
9
Suppose 16 = 4*u, 0*u + 2*u + 62 = -5*i. What is the remainder when (-4 - (-71 + 2)) + -3 is divided by 9/12*-2*i?
20
Suppose 0 = d + 5*h + 50, -d - h - 24 = 38. Calculate the remainder when 100 is divided by (-3 + d)*(-6)/24.
15
Let h = 80 - 128. Let b = -46 - h. What is the remainder when 2 is divided by b?
0
Let m = -84 + 109. Calculate the remainder when 123 is divided by m.
23
Suppose -173*x + 3201 = -140*x. Calculate the remainder when x is divided by 60.
37
Let y(z) = -z**3 - 3*z**2 + 8*z + 6. Let t = -498 + 528. What is the remainder when t is divided by y(-5)?
14
Let a(u) be the third derivative of 0*u + 1/60*u**5 + 4*u**2 + 7/3*u**3 + 0 + 13/24*u**4. What is the remainder when 7 is divided by a(-12)?
1
Let i = -215 + 654. What is the remainder when i is divided by 49?
47
Let w be ((-6)/5)/(3 - (-64)/(-20)). Suppose 4*g - 61 = k, -2*g + 3*g + w = -4*k. Calculate the remainder when 24 is divided by g.
10
Let n be 7 + (-1 - (2 + -1)). Suppose 0 = -3*b - n - 1. Calculate the remainder when (40/(-70))/(b/14) is divided by 1.
0
Suppose 0 = -10*z + 12*z - 14. Calculate the remainder when 73 is divided by z.
3
Let i(q) = -q**2 - 7*q + 10. Let w be i(-9). Let x be 0/(w/4 + 1). Calculate the remainder when 15 is divided by 12 - (3 - x/3).
6
Let p = -6 + 11. Suppose 5*u + 5*x = x - 28, p*u + 18 = x. Calculate the remainder when ((-6)/(-9))/(u/(-18)) is divided by 1.
0
Suppose 6*z = -350 + 806. Calculate the remainder when 298 is divided by z.
70
Suppose -4*s = -6 - 18. Calculate the remainder when -3 + 244/14 - 20/(-35) is divided by s.
3
Suppose -3*o - 5*h = -67, 123 = 5*o - 16*h + 13*h. Calculate the remainder when 108 is divided by o.
12
Suppose -7 = -4*v + 65. Calculate the remainder when v is divided by (-1)/((-32)/(-10) + -3) - -10.
3
Let q = -81 - -130. Let n = -40 + q. Calculate the remainder when 26 is divided by n.
8
Let n be (0 - (-4 + 54))*1. Let y = n - -80. Calculate the remainder when y is divided by 11.
8
Let q = 11 + -9. Suppose -l = q*l - 3. Calculate the remainder when l is divided by 1.
0
Let m = -24 + 25. Let l(s) = 23*s**2 - 3*s + 2. Calculate the remainder when l(m) is divided by 4.
2
Let t(p) = 2*p**3 + 32*p**2 + 4. Let q = 33 - 49. Suppose -2*d - 15 = -3*d. What is the remainder when d is divided by t(q)?
3
Let j = -313 - -493. Suppose 5*q = 5*m + j, 0*m - 5*m = 2*q - 44. What is the remainder when 127 is divided by q?
31
Suppose -2*v + 4*z - 9*z = -16, -106 = -5*v + 4*z. Calculate the remainder when 66 is divided by v.
12
Let i = -31 - -85. Let o(u) = -4*u - 86. Calculate the remainder when i is divided by o(-25).
12
Let p = -991 + 1011. What is the remainder when p is divided by 5?
0
Let h(l) be the third derivative of l**5/20 + 2*l**4/3 + l**3 - 15*l**2. Calculate the remainder when 33 is divided by h(-6).
15
Let v(n) = -2*n + 9. Let h be v(8). Let d be 16/(-6) + h/21. Let k = d - -34. What is the remainder when k is divided by 17?
14
Let u(t) = -t**3 + 11*t**2 - 12*t + 32. Let o be u(10). Let m = 15 - o. Calculate the remainder when 5 is divided by m.
2
Let d(r) = 117*r - 1124. Calculate the remainder when 58 is divided by d(10).
12
Let v = 182 + 19. Let d = v - 108. What is the remainder when d is divided by 16?
13
Suppose -69 = -3*v + 3*s, 0*v + 62 = 2*v + 2*s. What is the remainder when 72 is divided by (-333)/(-6)*18/v?
35
Suppose -1 + 2 = i + c, i + 2*c = -4. Calculate the remainder when 28 is divided by i.
4
Let l(t) = t**2 - 5*t + 2. Let z be l(5). Let k = 23 - 4. What is the remainder when ((-4)/z)/(1/(-18)) is divided by k?
17
Let y(w) = w**3 - 2*w**2 + 4*w - 2. Suppose -54 = -3*r - 12. What is the remainder when y(3) is divided by r?
5
Let g(v) = v**2 + 24*v + 14. Let j be g(-22). Calculate the remainder when 13 is divided by (5/((-25)/(-2)))/((-3)/j).
1
Calculate the remainder when 82 is divided by (-9)/(-6)*(-12)/(-9) - -20.
16
Let z be -3 - (-74)/(-10) - (-2)/5. Let a = z - -28. What is the remainder when 50 is divided by a?
14
Let j(o) = o**2 + 12*o - 11. Let h be j(9). Suppose v = -3*i + h, -3*v + 4*v + 5 = 0. Let c = -35 + i. What is the remainder when c is divided by 16?
10
Let v = 446 - 1. Let d = -282 + v. What is the remainder when d is divided by (-6 + 3 - -48) + -4?
40
Let r(q) = 32*q - 1. Suppose -620*c + 900 = -610*c. What is the remainder when c is divided by r(1)?
28
Suppose -2*n + 267 = x, 4*n = x + 342 + 201. Let w = 2012 - 1989. What is the remainder when n is divided by w?
20
Suppose 0 = -0*d + 2*d - f - 36, -78 = -4*d + 5*f. Calculate the remainder when d is divided by (-2)/(-9) + (-440)/(-45).
7
Suppose -91 = 9*a - 10*a + 5*z, -5*z - 304 = -4*a. What is the remainder when a is divided by 9?
8
Calculate the remainder when (-1 - -2 - 2)*1 - -70 is divided by 25.
19
Suppose 5*m + 3*v + 6 = -0*v, -4*m - 4*v = 0. Let k(l) = 5 + 2*l + 3 - 2 - 2 + 8. What is the remainder when 22 is divided by k(m)?
4
Let f = -1 - -2. Let y(h) = h**2 + 7*h + 1. What is the remainder when 4/6*21 + f is divided by y(-8)?
6
Let v(z) = -14*z - 1. Let h be v(-3). Let n = 60 - h. Suppose 0 = 2*u + 2*u - 40. Calculate the remainder when n is divided by u.
9
Let r = 58 - 53. Suppose 0 = 2*w - r*x - 82, -w + 5*w - 5*x - 144 = 0. What is the remainder when w is divided by 16?
15
Suppose 293 = 5*y + q, 5*q = 5*y - 420 + 115. Suppose -p - 4*p + y = -2*z, -5*z - 4*p - 98 = 0. Let g = -19 - z. What is the remainder when g is divided by 3?
0
Suppose 4*b = -3*o + 48